?
46
Let d(o) = -56*o - 163. Give d(-4).
61
Let y(o) = 2*o**3 - 5*o**2 + 2*o + 19. What is y(4)?
75
Let o(v) = 156*v - 264. What is o(4)?
360
Let a(f) = 31942*f - 63890. What is a(2)?
-6
Let c(o) = -o**3 + 252*o**2 - 358*o + 26862. Determine c(251).
5
Let p(c) = 3*c**3 - 19*c**2 - 14*c - 10. Give p(6).
-130
Let r(p) = p**3 + 16*p**2 + 17*p - 20. Calculate r(-15).
-50
Let k(n) = -n**2 + 831*n + 17901. Calculate k(-21).
9
Let b(g) = 61*g**2 + 1039*g + 36. Calculate b(-17).
2
Let n(k) = -92*k + 2367. What is n(26)?
-25
Let c(t) = -t**2 + 166*t - 2276. Calculate c(15).
-11
Let f(w) = w**2 - 14*w + 14. Give f(15).
29
Let d(w) = 133*w - 16368. What is d(123)?
-9
Let j(p) = -369*p + 9607. What is j(26)?
13
Let q(v) = v**3 + 38*v**2 - 27*v + 476. Give q(-39).
8
Let f(a) = -2*a**3 - 5*a**2 - 4*a. Give f(-2).
4
Let o(m) = 271*m + 4890. Determine o(-18).
12
Let r(t) = -146*t + 7298. Calculate r(50).
-2
Let u(a) = 230*a - 5323. Calculate u(23).
-33
Let x(n) = 16*n + 135. Determine x(-7).
23
Let z(l) = -2*l**2 + 16*l + 372. Calculate z(-12).
-108
Let s(d) = d**2 - 4*d + 17. What is s(4)?
17
Let r(t) = -2666*t - 62. What is r(0)?
-62
Let x(m) = 55*m**2 - 393*m - 8. Give x(8).
368
Let w(t) = t**3 + 10*t**2 + 4*t - 46. Calculate w(-8).
50
Let s(q) = 669*q - 1992. What is s(3)?
15
Let i(r) = 3*r**3 - 3*r**2 + 14*r - 28. What is i(2)?
12
Let x(q) = -3*q**3 - 111*q**2 + 691*q + 1. Determine x(6).
-497
Let j(l) = 58*l - 1335. Calculate j(23).
-1
Let l(i) = -4*i**2 - 47*i + 61. Calculate l(-13).
-4
Let i(d) = d**3 + 5*d**2 - 38*d + 10. Give i(4).
2
Let c(a) = a**3 - 19*a**2 + 8*a + 41. What is c(18)?
-139
Let h(c) = 5*c - 353. Calculate h(-31).
-508
Let y(h) = -h**2 + 633*h - 3146. What is y(5)?
-6
Let a(i) = -i**3 - 13*i**2 - 17*i + 77. Give a(-11).
22
Let t(j) = -j**3 - 69*j**2 + 75*j + 94. Determine t(-70).
-256
Let s(h) = -h**3 - 166*h - 720. What is s(-4)?
8
Let n(s) = 34*s**2 - 42*s + 13. Determine n(1).
5
Let d(p) = -4*p**2 + 221*p + 1745. What is d(-7)?
2
Let v(u) = -21*u**3 - 8*u**2 - 3*u + 3. What is v(3)?
-645
Let w(z) = -2*z**2 - 576*z + 1716. What is w(3)?
-30
Let y(g) = -g**3 - 53*g**2 - 430*g - 5. What is y(-10)?
-5
Let t(y) = y**2 + 168*y + 5769. Calculate t(-48).
9
Let n(y) = -14*y - 77. What is n(-7)?
21
Let p(d) = -d**3 + 108*d**2 + 206*d - 10565. Calculate p(109).
8
Let m(k) = -k**3 - 10*k**2 + 10*k + 155. Calculate m(-7).
-62
Let u(x) = x**3 - 11*x**2 - 42*x + 207. Calculate u(13).
-1
Let q(p) = p**2 + 71*p - 1398. Calculate q(16).
-6
Let k(g) = g**3 - 3*g**2 - 12*g + 42. What is k(3)?
6
Let n(h) = -h**2 + 6*h + 238. Determine n(19).
-9
Let y(s) = -14230*s - 28456. Give y(-2).
4
Let x(h) = 3*h + 43. What is x(-3)?
34
Let q(p) = p**3 - 10*p**2 + 58*p - 578. Calculate q(10).
2
Let m(g) = 2*g**3 - 2*g**2 + 29*g - 10. What is m(4)?
202
Let u(i) = 31*i**3 + i**2 - i - 2. What is u(-2)?
-244
Let s(n) = -44*n**2 + 127. Determine s(-4).
-577
Let x(s) = 84*s - 3075. Determine x(37).
33
Let u(a) = 28*a - 863. Give u(37).
173
Let f(d) = -22*d**2 + 31*d - 1. Give f(1).
8
Let d(j) = -37*j + 398. Give d(23).
-453
Let f(b) = -3*b**2 + 165*b - 1045. What is f(48)?
-37
Let n(j) = -j**3 + 8*j**2 - 16*j - 4. Calculate n(4).
-4
Let u(b) = -3574*b + 25015. Determine u(7).
-3
Let m(w) = -33*w + 218. Calculate m(9).
-79
Let b(k) = 199*k + 568. Calculate b(-5).
-427
Let d(u) = -u**3 - 20*u**2 - 42*u - 61. Give d(-17).
-214
Let n(j) = j**2 + 13*j - 334. Give n(-23).
-104
Let q(d) = -d**2 - 64*d - 618. Give q(-51).
45
Let i(l) = -534*l - 19773. Determine i(-37).
-15
Let d(s) = s**2 + 143*s - 889. Give d(-149).
5
Let g(b) = -4*b**2 + 95*b + 18. Determine g(24).
-6
Let w(u) = 147*u + 140. Calculate w(-4).
-448
Let f(g) = -227*g - 4141. Give f(-18).
-55
Let h(o) = o**3 - 2*o**2 - 17*o + 1. Calculate h(-7).
-321
Let n(s) = -5*s**2 - 201*s - 38. Calculate n(-40).
2
Let d(z) = 4*z**2 - 573*z - 6132. Give d(-10).
-2
Let s(j) = -105*j - 207. What is s(-2)?
3
Let u(t) = t**2 + 12*t + 165. Give u(-31).
754
Let j(y) = -y**3 - 3*y**2 - 14*y + 49. Give j(4).
-119
Let g(t) = 126*t - 10706. Give g(85).
4
Let v(x) = 6*x**2 - 12*x - 31. Determine v(-5).
179
Let p(b) = -2*b**3 - 51*b**2 + 24*b - 13. What is p(-26)?
39
Let x(h) = 178*h - 1252. Give x(7).
-6
Let i(u) = 15*u**2 - 236*u - 77. What is i(16)?
-13
Let r(l) = -80*l + 2402. What is r(30)?
2
Let q(j) = j**3 + 15*j**2 - 25*j + 156. What is q(-17)?
3
Let m(u) = u**2 + 25*u - 105. Calculate m(4).
11
Let z(w) = -12*w**2 - 185*w - 325. Determine z(-2).
-3
Let i(p) = -190*p - 1045. Determine i(-6).
95
Let k(d) = -d**3 - 51*d**2 + 21*d - 1617. Calculate k(-52).
-5
Let d(y) = -2*y**3 + 28*y**2 - 21*y - 85. Determine d(13).
-20
Let x(o) = 6*o**3 + 8*o**2 - o + 5. Determine x(-5).
-540
Let r(h) = 45*h - 780. Calculate r(17).
-15
Let k(r) = r**2 + 556*r + 4378. What is k(-8)?
-6
Let a(z) = -z**2 - 158*z + 3176. What is a(18)?
8
Let x(j) = 643*j - 447. Calculate x(1).
196
Let o(u) = 2*u**3 - 22*u**2 + 24*u - 56. Determine o(10).
-16
Let d(w) = -2*w**3 - 142*w**2 - 136*w + 165. Calculate d(-70).
-115
Let n(u) = -2*u**3 - 3*u - 7. What is n(4)?
-147
Let d(a) = -63*a - 19. Determine d(4).
-271
Let t(l) = 3*l**2 - 150*l + 141. Determine t(47).
-282
Let n(h) = h**3 + 25*h**2 - 55*h - 24. Calculate n(-27).
3
Let p(y) = 94*y + 1607. What is p(-17)?
9
Let u(z) = z**2 - 77*z - 91. Calculate u(78).
-13
Let o(s) = -37*s + 317. Calculate o(8).
21
Let y(d) = -5*d**2 - 12*d + 204. Give y(9).
-309
Let b(s) = s**3 - 24*s**2 - 8*s + 278. What is b(24)?
86
Let w(i) = -2200*i + 13199. Give w(6).
-1
Let v(w) = -773*w + 4693. Calculate v(6).
55
Let z(r) = 45179*r - 7. What is z(0)?
-7
Let h(k) = k**3 + 17*k**2 - 38*k - 858. What is h(-16)?
6
Let n(d) = 20*d - 2295. What is n(115)?
5
Let k(v) = -v**3 + 4*v**2 + 79*v + 8. Calculate k(11).
30
Let o(g) = -g**3 - 43*g**2 + 45*g + 32. Give o(-44).
-12
Let m(s) = 2*s**2 - 2484*s - 9969. Give m(-4).
-1
Let q(l) = 49*l + 4792. Determine q(-98).
-10
Let b(a) = 112*a + 1473. Determine b(-14).
-95
Let g(r) = -2*r**2 - 171*r + 1323. Determine g(7).
28
Let z(x) = -438*x + 13141. Give z(30).
1
Let n(p) = p**2 - 184*p - 2141. Give n(-11).
4
Let g(z) = -10*z - 243. Give g(-24).
-3
Let d(l) = 5*l + 11. What is d(-9)?
-34
Let a(k) = -14*k - 31. Give a(-1).
-17
Let d(y) = -229*y + 1801. What is d(8)?
-31
Let k(u) = -22*u - 585. Calculate k(-26).
-13
Let j(k) = -36*k - 697. Determine j(-18).
-49
Let r(w) = -2*w**2 + 113*w + 2172. Calculate r(-15).
27
Let z(s) = -18*s**3 - 23*s**2 - 57*s + 6. Calculate z(-3).
456
Let r(q) = -q**2 + 21*q - 121. Give r(7).
-23
Let g(d) = -d**3 + 6*d**2 + 40*d - 202. Determine g(8).
-10
Let x(d) = -215*d - 2369. Give x(-11).
-4
Let l(q) = -2*q**2 + 9*q + 34. Give l(-9).
-209
Let m(l) = -187*l + 2436. Calculate m(13).
5
Let q(d) = -3*d**2 + 69*d - 189. Determine q(20).
-9
Let c(s) = 2*s**2 - 210*s + 797. Determine c(101).
-11
Let u(x) = -x**3 - 2*x**2 - 6*x - 33. Determine u(-3).
-6
Let r(d) = -174*d + 290. Determine r(2).
-58
Let o(x) = -6*x**2 + 170*x - 624. Determine o(24).
0
Let d(h) = h**2 + 8*h - 834. Determine d(25).
-9
Let s(c) = 562*c + 11235. Give s(-20).
-5
Let q(a) = -1231*a**2 + 2462*a. Give q(2).
0
Let s(t) = -t**2 + 39*t + 266. Calculate s(41).
184
Let x(o) = 8*o**2 - 37*o + 9. Calculate x(3).
-30
Let w(f) = -81*f + 24. What is w(3)?
-219
Let i(a) = -102*a + 8. Calculate i(3).
-298
Let h(x) = 5*x**2 + 53*x + 20. Give h(-12).
104
Let f(i) = 4*i - 67. Determine f(13).
-15
Let p(q) = -q**3 + 32*q**2 - 86*q + 3. Calculate p(29).
32
Let c(j) = 2607*j - 13036. Calculate c(5).
-1
Let l(s) = 3*s**2 + 5*s + 19. Give l(4).
87
Let t(o) = 194*o + 3294. What is t(-17)?
-4
Let f(s) = 2*s**2 - 53*s - 2000. Determine f(-21).
-5
Let q(c) = 44*c + 1326. What is q(-30)?
6
Let r(m) = -m**2 + 2*m + 16. Calculate r(-5).
-19
Let l(x) = 278*x - 786. What is l(3)?
48
Let y(r) = -25*r**2 + 6*r + 16. Determine y(-2).
-96
Let a(c) = -c**3 - 58*c**2 + 58*c - 109. Determine a(-59).
-50
Let t(v) = -147*v + 1338. Determine t(9).
15
Let m(v) = -v**3 + 34*v**2 - 168*v + 2. What is m(6)?
2
Let p(m) = -27*m**2 - 12*m + 56. What is p(4)?
-424
Let d(s) = s**3 - s**2 + 11*s + 1. Give d(5).
156
Let v(u) = 63*u - 544. Determine v(10).
86
Let f(j) = j**3 + 67*j**2 + 640*j - 248. Determine f(-12).
-8
Let g(f) = f**2 + 68*f + 6